e prime factors of j?
5, 23
What are the prime factors of 18*14/(-126) + 37934/4*2?
5, 3793
Suppose 93441 + 102775 = 22*w + 55680. What are the prime factors of w?
2, 1597
Suppose 36*z - 38*z + 120632 = n, -3*z - 3*n + 180951 = 0. List the prime factors of z.
3, 5, 4021
Let u(n) = 25*n - 3. Let b(o) = -24*o + 3. Suppose -6 + 12 = -2*x. Let s(t) = x*u(t) - 4*b(t). What are the prime factors of s(6)?
3, 41
Suppose 0 = 15*h - 0*h + 270. What are the prime factors of (-27136)/h + (-40)/(-90)?
2, 13, 29
Let n be (-2)/4 - (-54)/4. Let o(i) = -62*i + 18*i + 32*i - 31 + 23*i. List the prime factors of o(n).
2, 7
Suppose -3*i = i + 8. Let p = 226 - 229. List the prime factors of (8/(-6))/(i*p/(-99)).
2, 11
Let i(x) be the third derivative of 17/60*x**5 + 7/12*x**4 + 13/6*x**3 + 0*x + 6*x**2 + 1/120*x**6 + 0. What are the prime factors of i(-16)?
3, 5
Let s = 5095 + 6853. List the prime factors of s.
2, 29, 103
Let c(q) = -q**3 - 13*q**2 + 27*q - 18. Let k be c(-15). Suppose -36*r + k*r + 8937 = 0. What are the prime factors of r?
3, 331
Let k be (-1)/(3/(-225)*3). Suppose d = -k + 96. What are the prime factors of d?
71
Let t be -89 - (-5)/(-15)*-3. Let i = 47 - t. Let a = i + -33. List the prime factors of a.
2, 3, 17
Suppose 0 = -11*o + 231 + 737. Let r = -196 + o. List the prime factors of (9/(r/(-8)))/((-4)/(-114)).
19
Let j be 474/(-553) - 6565/(-7). Let l = -498 + j. What are the prime factors of l?
439
Suppose 180*u = 5258108 + 843374 - 1590142. List the prime factors of u.
71, 353
Let l = -27739 + 60830. List the prime factors of l.
33091
Suppose 0 = -2*t + 3*d + 1162, 4*t + 10*d - 5*d = 2302. Suppose 5*b - 147 - t = 0. What are the prime factors of b?
5, 29
Let b(d) = -2*d**2 - 136*d - 7. Let q(j) = j**2 + 91*j + 4. Let z(x) = 5*b(x) + 7*q(x). What are the prime factors of z(-13)?
3, 5
Suppose c - 56 = -c. Suppose 0*o = 2*i - o - 24, 2*i - c = 2*o. Let y = i + 12. List the prime factors of y.
2, 11
Let y = -99 - -99. Suppose 3*u - 3*m - 984 = y, 0 = -2*u - 3*m + 391 + 245. What are the prime factors of u?
2, 3
Let m(c) = c**2 + 2*c - 10. Let j be m(-5). Let u(y) = y**3 + 3*y**2 + 12*y + 4. What are the prime factors of u(j)?
2, 3, 11
Let a(m) = 2*m + 22. Let n be a(-9). Suppose 5*l = -3*h + 740, -3*h + n*l = -187 - 598. Suppose 0 = 8*u - 513 - h. List the prime factors of u.
2, 3
Let c = -25281 + 63254. What are the prime factors of c?
13, 23, 127
Let b = -59 + 73. Suppose -b*d + 948 = -10*d. What are the prime factors of d?
3, 79
Let v(h) = 2*h**3 + 44*h**2 + 3*h + 70. Let i be v(-22). Suppose -12*t - 580 = -16*t - 4*g, i*t = 2*g + 574. What are the prime factors of t?
2, 3
Let v be 2/7 + (-26883)/(-63). Suppose -699 - v = 5*a + f, -2*a = -3*f + 447. Let n = -155 - a. List the prime factors of n.
2, 5, 7
Suppose -21*x + 18023 - 6478 + 16700 = 0. What are the prime factors of x?
5, 269
Suppose i + 66118 = 5*g, 2*g + 128*i = 126*i + 26440. What are the prime factors of g?
7, 1889
Suppose 5*o + p - 13 = 0, -3*o + 2 = 3*p - 1. Suppose -12 - 9 = -o*b. Suppose 0 = -3*y + 3*l + 369, -y = -5*l - 120 - b. List the prime factors of y.
2, 61
Let g(q) = 1316*q**3 - 4*q**2 + 104*q - 203. What are the prime factors of g(2)?
13, 809
Suppose -2*y + 4 = -2. Suppose o - y = 4. Suppose -4*u = -o*u + 228. List the prime factors of u.
2, 19
Suppose -13*m + 4353 + 63494 = 0. What are the prime factors of m?
17, 307
Let b = -124 + 124. Suppose b = 4*q - 7*q - 675. List the prime factors of (q/2)/((-99)/132).
2, 3, 5
Let n(y) = -2*y - 6. Let x be n(-12). Suppose 0 = 22*k - 28*k + x. List the prime factors of ((-4 + k)*17)/(1/(-17)).
17
Suppose -8*u = -15835 + 2147. Suppose 0 = -5*m + 34*m - u. List the prime factors of m.
59
Let a(r) = -1299*r + 10171. List the prime factors of a(-25).
2, 21323
Suppose 13 = -23*i + 59. Suppose -10 = -i*x, 2*x - 746 = -2*l - 2*l. What are the prime factors of l?
2, 23
Suppose 3*x - 9 = -3*k, 4*x + 11 = -9. Let r be k/(-12) + (84/9)/2. Suppose r*i - 844 = -56. What are the prime factors of i?
197
What are the prime factors of 3/18 + 1546213/354?
2, 3, 7, 13
Let l(g) = g**3 + 3*g**2 + 5*g - 14. Let f be l(-4). What are the prime factors of ((-594)/5)/(10/f)?
2, 3, 11
Let t(o) = 2606*o**2 + 3*o + 15. List the prime factors of t(-2).
10433
Let c(l) = -l**3 + 42*l**2 + l - 258. List the prime factors of c(40).
2, 3, 7, 71
Suppose 0 = -2*n + 5*n + 15, 3*h - 5*n = 4840. List the prime factors of h.
3, 5, 107
Let c be ((-4)/6)/(28/(-13524)). List the prime factors of (6/7)/3 - (-197294)/c.
613
What are the prime factors of (16 - 7845/15)*(-11)/3?
11, 13
Let m(p) = -8*p - 154. Suppose 3*c - 4*t + 97 = 0, 15*c - 17*c - t = 50. List the prime factors of m(c).
2, 31
Let h = -3534 - -9157. What are the prime factors of h?
5623
Suppose -3*k - 74100 = -5*z, 34*k = -z + 38*k + 14820. List the prime factors of z.
2, 3, 5, 13, 19
Suppose 0 = -4*y - 16, 1 + 2 = -m - 2*y. Suppose -m*i = 6 + 9. What are the prime factors of i/(3 + 0) - (-48)/6?
7
Let n = 171 - 115. Suppose -3*l + 3 = 9. List the prime factors of 1272/n - l/7.
23
Suppose 0 = 3*f - 15, 3*s - 4*f + 0 = -11. Suppose 0 = -s*v + 15, 5*v + 418 = -2*n + 1181. List the prime factors of n.
3, 41
What are the prime factors of (3 - -64122) + 160/(-560)*-14*2?
59, 1087
Let d = 3 + 1. Suppose d*g + 3*i = 6*g - 537, -4*g = 4*i - 1104. List the prime factors of g.
3, 7, 13
What are the prime factors of (-544)/12*((-5091)/12 - 8/2)?
2, 17, 571
Suppose -p = -3*p - 2, 0 = 4*q - 4*p - 4. Suppose 4 = 4*s, q = z + 2*s - 4*s + 1. Let d = 71 - z. What are the prime factors of d?
2, 5, 7
Let m(q) = 245*q - 688. List the prime factors of m(9).
37, 41
Suppose 0 = -3*x + 3*c - 3, 24*x + 2*c = 25*x. List the prime factors of (x/(-6))/(8/24744).
1031
Let g be 93/6*1*2. Suppose 20*j = g*j - 11143. What are the prime factors of j?
1013
Let d be (19 + -18)*(5 + 2). Suppose -d*t - 16 = -15*t. Let k(w) = 68*w**2 + 4*w - 2. What are the prime factors of k(t)?
2, 139
Suppose -2*i - 5*c = -i - 34, -10 = -2*c. Suppose -q + i*q - 2048 = 0. List the prime factors of q.
2
Suppose -10*p + 214890 = 19*p - 0*p. What are the prime factors of p?
2, 3, 5, 13, 19
Let n(r) = -2*r**3 + 3*r**2 + 2*r - 3. Let p be n(-2). Suppose -3*s + p*c = 16*c - 629, 5*c - 25 = 0. What are the prime factors of s?
2, 109
Let c be (-19)/2 - (6 - 13/2). Suppose 3*l - 287 - 127 = 0. Let h = c + l. List the prime factors of h.
3, 43
Suppose -126*s + 98640 = -106*s. List the prime factors of s.
2, 3, 137
Let o = -935 + 1658. Let u = o - 452. What are the prime factors of u?
271
Let g(b) = -101*b - 986. List the prime factors of g(-15).
23
Let z be 0 + (-2)/(-10) + 450/250. Suppose -4*d = z*j - 2246, 2*d = 4*j + 424 + 704. List the prime factors of d.
2, 281
Let h = -157 + 156. List the prime factors of -4 + 10 + 415 + 1/h.
2, 3, 5, 7
Let g = -17082 + 27464. List the prime factors of g.
2, 29, 179
Let s = 46 - 39. Let g(t) = -3*t**3 + 6*t - 3 + 0*t**3 - 4*t**2 - 3*t**3 + s*t**3. What are the prime factors of g(4)?
3, 7
Let q(y) = -173*y + 6. Let o be q(-4). Suppose -p - o = -2*s, 0 = s + 3*p - p - 344. List the prime factors of s.
2, 3, 29
Suppose q - 4*r - 25 = 0, 4*q - 4*r - 38 = 14. Suppose -3*k = -4*u - 18, -4*u - 3*k - q = -3. What are the prime factors of u/6*(-3 - -7)*-24?
2, 3
Let n be (-3)/(-2) + (19482/(-12))/(-17). Suppose 8*k + 210 = 3*k. Let d = n + k. List the prime factors of d.
5, 11
Let q = -106 + 155. Let h = -49 + q. Suppose 3*i + 3*d - 399 = h, 0 = -5*i + 3*d - 4*d + 685. What are the prime factors of i?
2, 3, 23
Suppose 2*k - 3*a = -1085, -1628 = k + 2*k - 5*a. Suppose 0 = 5*j - 4*d + 1547, -4*j = 2*d + 2*d + 1216. Let f = j - k. What are the prime factors of f?
2, 3, 13
Suppose -61*r + 86*r = 461225. What are the prime factors of r?
19, 971
Let j(s) = 13*s**2 - 18*s + 124. List the prime factors of j(-29).
11579
Suppose -49*f - 116 = -45*f. Let l be 1*(-49)/7*(1 - 15). Let k = f + l. List the prime factors of k.
3, 23
Let n(v) = -v**2 - 10*v + 2. Let o be n(-10). Let b(z) = 3 - 2 - 5 - 643*z**o + 649*z**2. What are the prime factors of b(-3)?
2, 5
Suppose -473*z + 587*z - 1375752 = 0. List the prime factors of z.
2, 7, 431
Let p = -18 - -10. Let n(k) = k**2 + 9*k + 7. Let t be n(p). Let s(q) = -67*q. List the prime factors of s(t).
6